2 + 2 + 53*n. Let f be (-3 + 2)/(2 + -1). What is the tens digit of q(f)?
4
Let h = -523 + 362. Let l = -95 - h. What is the tens digit of l?
6
What is the units digit of ((-4395)/10)/((-10)/(-8) + -2)?
6
Suppose -4*l + 3 + 9 = -4*s, 3*s + l - 3 = 0. Suppose s*t + 2*t = 26. Let y = 37 - t. What is the tens digit of y?
2
Let h(m) = 3*m + 35. Let k be h(-1). Let f be (0 - -1) + 17 + 1. Let a = f + k. What is the tens digit of a?
5
What is the thousands digit of -3411*((-20)/15 + 2 - 1)?
1
Let x = -1527 + 2835. What is the tens digit of x?
0
Let h = -7 + 13. Let w(u) = 24*u**2 - 29*u**2 - h*u - 9 + u**3 + 13*u. What is the tens digit of w(5)?
2
Let q = -573 + 1135. What is the hundreds digit of (-4)/10 - (2 - q/5)?
1
Let p be (1 - 1)*(-2)/4. Let q(z) = 2*z**3 - 11*z**2 + 9*z - 4. Let v be q(6). Suppose 132 = 5*r + 4*l, 5*r - 4*l - v - 62 = p. What is the tens digit of r?
2
Let a(c) = 56*c**2 - c. Suppose 4*y + 3*q = 2, 5*y + 5*q + 3 - 8 = 0. What is the tens digit of a(y)?
5
Let y(f) = 30*f - 6. Let n be 54/9 + 2/(4/(-6)). What is the units digit of y(n)?
4
Suppose -5*g - 32 = -4*y, -6*y + y = 2*g - 40. Suppose -3*s = -s - y. Suppose -2*c - 57 + 11 = -4*b, 3*c + 41 = s*b. What is the units digit of b?
4
Let h(a) = -a**2 - 12*a - 5. Let c be h(-5). Let o = 60 + c. What is the units digit of o?
0
Suppose 0 = 2*v + j + 4*j + 593, 1491 = -5*v - 4*j. Let i = v - -554. What is the hundreds digit of i?
2
Let p = -463 + 921. What is the hundreds digit of p?
4
Let b be -6*1*(3 - 0). Let c = b - -27. Suppose 12 = t - c. What is the tens digit of t?
2
Suppose 3*h - 4*x = 30 + 431, -3*x - 306 = -2*h. Let t = h + -50. What is the units digit of t?
9
Suppose 0 = -5*d - 2*f + f - 45, -5*d - 75 = -5*f. Let p = 98 + d. What is the units digit of p?
8
Let g(k) = 15 + 4 + 3*k - 20*k + 3*k. What is the units digit of g(-6)?
3
Suppose -5*t = -3*t - 8. Let x be 2/(4*1/t). Suppose 3*a - 2*a - 70 = -2*w, -3*w + 105 = -x*a. What is the tens digit of w?
3
Let h(d) = -3*d - 10. Let n be h(-4). Let g be (-7)/(-2*n/(-12)). Let t = 47 + g. What is the tens digit of t?
2
Let c = -471 - -1101. What is the hundreds digit of c?
6
Let m = 167 + 233. Suppose 4*p = -2*g + m, 0 = -3*g - 2*p + p + 600. What is the tens digit of g?
0
Suppose -2*n = -i - 1591, 3*n - 6*i + 3*i = 2394. What is the units digit of n?
3
Let u(s) = -s**3 + 3*s**2 + 6*s - 5. Let a(k) = -k - 1. Let m(l) = -2*a(l) - u(l). What is the units digit of m(4)?
7
What is the thousands digit of 43127/35 - 7/35?
1
Let z = -301 - -373. What is the units digit of z?
2
Let p = -45 + 45. Suppose 2*b - 1008 = -4*v, -4*v + 1012 = -p*b + 3*b. What is the tens digit of v?
5
Let o(q) = 9*q - 17. Let d be (-5 - 0)*(-91)/65. What is the units digit of o(d)?
6
Suppose -13*o = -9476 - 4291. What is the units digit of o?
9
Let t(a) = -a**3 - a**2 + 1. Let d(j) = 7*j**3 + 24*j**2 - 9*j + 49. Let g(x) = -d(x) - 6*t(x). What is the units digit of g(-19)?
5
Let w(z) = -23*z - 61. What is the hundreds digit of w(-14)?
2
What is the units digit of (-16*(-1)/(-6))/(1/(-6))?
6
Suppose b - 5216 = 3*t, 2*t + 8696 = -3*t + b. Let n = -4028 - t. What is the units digit of (-2)/(-9) + n/(-72)?
2
Let o(n) = 382*n - 3. What is the units digit of o(2)?
1
Suppose m + 6 = -4*g, 4*m + 5*g - 2 = 7. What is the tens digit of ((-9153)/m)/(-9) - (-3)/(-2)?
6
Let v(g) = -14 + 3*g**2 - 4*g**2 - 7*g + 2*g**2. Suppose -20 = -2*p - 0*p. What is the tens digit of v(p)?
1
Let k = -6 - -13. Suppose 5*h = k*h - 110. What is the tens digit of h?
5
Suppose 3*m + 2*c + 25 = 0, -m = -0*c - 3*c + 12. Let l = -28 + 34. What is the units digit of (m/6)/((-9)/l)?
1
Let k = 4527 + -1365. What is the units digit of k?
2
Let c = 1714 - 1196. What is the units digit of c?
8
Suppose -39*y + 1250 + 1129 = 0. What is the tens digit of y?
6
Let w(t) = 2*t**2 + 21*t - 53. What is the units digit of w(-21)?
8
Let x(k) = -9*k**2 + k + 7*k**2 + 5*k**2 + 6 + 9*k**3. What is the units digit of x(3)?
9
Let u = 505 + -997. Let h be 26/169 + u/(-13). Let l = -27 + h. What is the tens digit of l?
1
Suppose -3*n - 540 = -4*l + 67, -n = -3. Let j = l - 88. What is the units digit of j?
6
Suppose 13966 + 8444 = 18*n. What is the units digit of n?
5
Suppose 4*s + 4*s = 56. Suppose -170 = -s*n + 299. What is the units digit of n?
7
What is the units digit of ((-12)/(-8)*1)/(1/2414)?
1
Let v(i) = i + 2. Let c be 23/7 + 4/(-14). Let g be v(c). Suppose 4*o - 167 = 3*y, g*y = 2*o - 18 - 69. What is the units digit of o?
1
Let y be (-30)/18*18/(-15). Suppose 0 = y*o - o - 31. What is the tens digit of o?
3
Let u(o) = -2*o**2 + 2*o - 3. Let j be u(2). Let d = j - -9. Suppose 5*f = 47 - d. What is the units digit of f?
9
Let b = -27 - -28. Suppose 3*d + b = -4*w - 0*w, 3*w - d = 9. What is the units digit of w?
2
Let f(d) = d**3 + 6*d**2 - 2*d + 38. What is the tens digit of f(0)?
3
What is the hundreds digit of -1 + 9 + (134 - -1930)?
0
Suppose 4*a + q - 4658 = -471, 2*a + 5*q - 2107 = 0. What is the hundreds digit of a?
0
Suppose -469*n - 6248 = -473*n. What is the thousands digit of n?
1
Let g = -6320 + 10689. What is the thousands digit of g?
4
Suppose 2*z = -5*g - 0*z + 1178, -5*z - 682 = -3*g. Suppose 13*s - g = 11*s. What is the tens digit of s?
1
Let q(a) = 16*a + 61. What is the units digit of q(14)?
5
Let d(f) = -29*f + 32. What is the units digit of d(-17)?
5
What is the hundreds digit of 2067 - (-2)/((-1)/((-28)/8))?
0
Let z(m) = m**3 + 11*m**2 - 3*m - 26. Let a be z(-11). Suppose -2*y + 3*o + 216 = -a, 0 = y + 5*o - 144. What is the units digit of y?
9
Suppose 3*f - f = 0. Suppose 0*h = 2*h - 44. What is the units digit of 1/(-1) + h + f?
1
Let p(j) = -j + 18. Let h be p(15). Let q(o) = -13*o - 5. Let m(a) = -162*a - 63. Let i(z) = 5*m(z) - 63*q(z). What is the units digit of i(h)?
7
What is the units digit of -12*(-16)/30*(-7760)/(-32)?
2
Let f(z) = 17*z + 45. Let b(m) = 33*m + 91. Let i(k) = 6*b(k) - 13*f(k). What is the tens digit of i(-9)?
6
What is the units digit of 71/(-4)*(-199 - -11)?
7
Suppose -l - 2 = 0, 3*l = -8*y + 6*y + 1298. What is the hundreds digit of y?
6
Let d be (2/(-10) - -1)/(9/45). Suppose -z = -d*z + 93. What is the tens digit of z?
3
Let c = -13 - -18. Suppose b = -4*s + 153, c*s - 110 = 2*s + 4*b. What is the tens digit of (s/(-4))/((-5)/10)?
1
Let d be (-14)/(-77) + 0 + 1758/11. Let t = -97 + d. What is the tens digit of t?
6
Let h = 7 + 3. Let j(a) = 2*a**2 - 4*a - 15. What is the hundreds digit of j(h)?
1
Let o be 74/9 - 2/9. Let u(r) = r**3 - 9*r**2 + 10*r + 9. Let m be u(o). Suppose 0 = -h + 4*k + 4 + m, -2*h + 4*k + 42 = 0. What is the units digit of h?
3
Let x(s) = -9 + 2 - 4*s + 3 - 7*s**2 - s**3. Let g be x(-6). What is the units digit of 4/g - (-74)/8?
9
Suppose -7*w + 667 + 740 = 0. What is the hundreds digit of w?
2
Suppose 0 = 2*i - 10*o + 9*o - 54, 0 = i + 5*o - 27. Suppose i*k = 32*k - 1050. What is the units digit of k?
0
Let g be 7/(-2)*(1 + 1). Let b(z) = z**2 - 5*z - 3. Let t be b(5). Let x = t - g. What is the units digit of x?
4
Let w be 0/(2/(-3)*-3). Suppose w = -2*y + 2*c - 3*c + 29, 0 = -5*c + 25. What is the tens digit of y?
1
What is the hundreds digit of 1124/(-6)*(-6)/16*4?
2
What is the units digit of (-6 - 100/(-16)) + (-9516)/(-16)?
5
What is the units digit of -2 + (1107 - 1 - 2)?
2
Suppose l = -33*i + 28*i + 906, -5*i = 15. What is the hundreds digit of l?
9
Let i = 1832 + -748. What is the tens digit of i?
8
Let x(c) = 3*c + 1. Let v be x(4). Let d = v + -40. Let z = d + 43. What is the tens digit of z?
1
Let g = -20 + 19. Let q(n) = 19*n - 1. Let y be q(g). What is the units digit of -105*(88/y + 4)?
2
Let d be 1*(-4)/(-1) + 93. Let j = d - 39. What is the tens digit of j?
5
Suppose 0 = -w + 30 + 47. Suppose 3*h - 223 = w. What is the units digit of h?
0
Suppose 0 = d - 2, 224 = -3*q + 3*d - 160. What is the tens digit of (-8)/(-6)*q/(-4)?
4
Suppose 4*q - 62 = 3*l, -4*l = q - 6*q + 77. Let s = 4 + q. Suppose z + s = 2*z. What is the tens digit of z?
2
Let t = 7 - -5. Let u be -112 + 3/t*4. What is the tens digit of (-1)/(225/u - -2)?
3
Let k be -13 - -9 - (-171 + -1). Let g = k + -61. What is the tens digit of g?
0
Let b = 139 - 69. Let f = 10 + b. What is the units digit of f?
0
Suppose -c = 4*v + 60, 4*c + 14 + 46 = -4*v.